git of p?
8
Suppose 3*i - 2*p - 9 = 0, 36 = 4*i + 4*p + 4. Let a(b) = -b + 14. Let l be a(11). Suppose -l*h + 23 = -m, -i*m + 3 - 1 = -2*h. What is the units digit of h?
9
Let j(c) = 2*c**2 + c - 6. Let x = 17 - 12. Let b(a) = -a**2 + 5*a + 5. Let m be b(x). What is the units digit of j(m)?
9
Let h(i) = -2*i**3 - 9*i**2 - 17*i - 11. What is the tens digit of h(-6)?
9
Let u = -18 - -17. Let x = u - -5. Suppose -m = -13 + x. What is the units digit of m?
9
Let m(s) = s + 6*s + 9*s + 4*s. Suppose 0 = -w - 1, -i + 5*w + 3 = -5. What is the tens digit of m(i)?
6
Let c = -29 - -37. Suppose -3*v - c = -5*v. What is the units digit of v?
4
Let i = -77 - -23. Let u = i - -200. What is the tens digit of u?
4
Let f(n) = -n**3 - 2*n**2 - 5*n - 14. What is the tens digit of f(-4)?
3
Let j = 43 + -31. What is the units digit of (-1)/((j/(-18))/(0 - -22))?
3
Let k be (72/15)/(4/10). Let r be 36 + 3*16/k. What is the units digit of (-8)/r + 42/10?
4
What is the thousands digit of 12/(-18) + (-13767)/27*-3?
1
Let t(w) = -w + 14. Let m be t(11). Let k be (-30)/(-8)*(-40)/(-15). What is the units digit of m/((-5)/(k/(-6)))?
1
Suppose 5*g + 3*d - 4*d = 1144, 0 = -3*g + 3*d + 696. Suppose -10*m = -3748 + g. What is the hundreds digit of m?
3
Suppose 0 = -8*s + 1688 - 584. What is the tens digit of s?
3
Suppose -13*p = 3*g - 14*p - 2807, -g + 3*p = -933. What is the units digit of g?
6
Let l = 20 + 848. What is the hundreds digit of l?
8
Let c(m) = -27*m**2 + 8*m + 7. Let p(q) = 13*q**2 - 4*q - 3. Suppose -12 = -6*o + 4*o. Let w(t) = o*c(t) + 13*p(t). What is the tens digit of w(2)?
2
Let y(v) be the third derivative of v**5/30 - 5*v**4/8 - 11*v**3/3 - 52*v**2. What is the hundreds digit of y(-9)?
2
Let d be (18/(-4))/(18/(-264)). Suppose 4*l - d + 6 = 0. What is the tens digit of l?
1
Let l = 131 + -232. Suppose 36*s - 31*s = -315. Let z = s - l. What is the tens digit of z?
3
Let y(g) be the third derivative of -5*g**2 - 5/6*g**3 + 0 + 3/8*g**4 + 0*g - 1/60*g**5. What is the tens digit of y(6)?
1
Let o = 145 - 145. Let j be (2 - 1)/(2/110). Suppose -2*n + 7*n - j = o. What is the units digit of n?
1
Suppose 5*w + 6032 = 5*z + 31907, 5*z + 10353 = 2*w. What is the hundreds digit of w?
1
Suppose -4*l - 13 + 5 = 0. Let f be (l/3)/((-1)/6). Let c(s) = 2*s**2 - s - 5. What is the units digit of c(f)?
3
Let b = 408 - 173. What is the hundreds digit of b?
2
Suppose 0 = m + 2, f + 2*m - 16 = -0*m. Let b be (-8)/f - 4/(-10). Suppose b = -2*d + 36 - 10. What is the units digit of d?
3
Suppose -64*w = -62*w - 2830. What is the units digit of w?
5
Suppose 0 = 2*x + 2*x - 16. What is the tens digit of x + (-4)/(-12)*519?
7
Let q(j) = -j**3 + 7*j**2 + 6*j - 7. Let u be q(7). Let y = u - 28. Suppose -y*k + 48 = -43. What is the units digit of k?
3
Let u be (-1 + 2)*0 + -10. Let i = -12 - u. What is the units digit of 10 + (0 - i - 2)?
0
Suppose 5*t = 3*d + 297 - 91, 0 = 5*d + 4*t + 405. Let v be (-4301)/d + (-1)/(-7). Suppose v*q = 51*q + 385. What is the units digit of q?
7
Suppose -i + 5*j = -0*i + 2, -4*j - 56 = 4*i. Let g(m) = -5*m + 10. What is the units digit of g(i)?
0
Let t = -16 - -32. Suppose z - 14 = -j, -3*j + t = -j + 5*z. Let p = j - -5. What is the units digit of p?
3
Let r(v) = 2*v + 57. What is the tens digit of r(-12)?
3
Suppose 39*g = 3*g + 57708. What is the hundreds digit of g?
6
Let d(k) = 2*k**2 - 3*k - 44. What is the tens digit of d(-11)?
3
Suppose -9*r = -r + 16. What is the hundreds digit of -287*1/r + (-24)/(-48)?
1
Suppose 0 = -q + 6 - 2. Suppose 0 = -q*b - 36 + 264. Suppose -4*t - 3*a - a = -72, 4*t = -a + b. What is the units digit of t?
3
Let i = -22 - -34. What is the units digit of (-1)/(-2) - (-222)/i?
9
Let h be (-1)/3*(-4 + 4). Suppose h = 2*r + 9 - 57. Let j = 48 - r. What is the tens digit of j?
2
Let l = -2 + 2. Let h(a) be the third derivative of -a**5/60 + 16*a**3/3 + 17*a**2. What is the tens digit of h(l)?
3
Suppose 5*l = 3*r - 379, -r = -3*r - 2*l + 226. Suppose 0*m + 41 = y + m, -2*m = 3*y - r. What is the units digit of y?
6
Let y(c) = 3*c. Let i be y(1). Let r be (-9)/3 - 84/i. Let f = -4 - r. What is the units digit of f?
7
Let y be 1 + 0/(-3 - -8). Suppose 5*d + 19 = -16. What is the units digit of 3 + d - (-11)/y?
7
Suppose 14*i - 24985 = 15895. What is the tens digit of i?
2
What is the tens digit of (-1 + 44 + (9 - 7))*15?
7
Suppose t = -2*x - 2 + 4, -5*x - 5*t = 0. Let l(n) = 6 - 7*n**x + 16*n**2 - 4 + 5*n**2 + 2*n. What is the tens digit of l(-2)?
5
Let f = 32 - 25. What is the units digit of f + -2 + 1 + 1?
7
Let f = -58 - -110. Let q = 79 - f. Suppose -5*i = -2*i + 2*g - q, -2*i - g + 17 = 0. What is the units digit of i?
7
Let p = -98 - -162. Suppose 114 = t - 2*g, -2*t - 5*g + 456 = 2*t. Let v = t - p. What is the tens digit of v?
5
Let s = 10226 + -7203. What is the hundreds digit of s?
0
Let h(d) = d**2 - 15*d - 6. Let i be h(16). Suppose -a - 1242 = -i*a. What is the tens digit of a?
3
Let c = -17 - -11. What is the units digit of (-11)/((-44)/(-16)) - (c - 1)?
3
Let n be 4*10 + 10/(-2) + 3. Let b(o) = o**3 - 5*o**2 + 3*o - 1. Let h be b(3). Let z = n + h. What is the tens digit of z?
2
Let c = -96 + 156. Suppose 7*j = 2*j + 25, -3*i - 2*j - 20 = 0. What is the units digit of (-366)/i - (-24)/c?
7
Let y(i) = -i**3 - i - 8. Let q be y(4). Let r = 169 + q. What is the units digit of r?
3
Let d(i) = -3*i + 67. Let m be d(21). Suppose 186 = m*n - 546. What is the tens digit of n?
8
Let o(k) be the third derivative of 11*k**4/24 - 11*k**3/6 - 25*k**2. What is the units digit of o(5)?
4
Suppose v = 9 - 5. Suppose -v*n = -n - 15. Suppose -n*g = l - 0*g - 41, l - 37 = -3*g. What is the tens digit of l?
3
Suppose -i = i - 4, -4*i = q - 30. Let j = q + -22. Suppose j*s + 73 = 5*s + 4*o, -4*o = 2*s - 22. What is the tens digit of s?
1
Suppose -53*r + 596 + 33854 = 0. What is the tens digit of r?
5
Suppose 4*q = -z + 1187, -3*q = 4*z - 963 - 3733. What is the tens digit of z?
7
Suppose 4*i - 3*i - 16 = -4*p, 4*i - 3*p = 7. What is the tens digit of (-26)/(i + (-66)/15)?
6
Let p = -13 - -16. Suppose 4*i + v = 2, -4*v - 2 = -p*v. What is the tens digit of (-7)/((-4)/8*i)?
1
Suppose -1033 = -i - 180. Let t = i - 496. What is the units digit of t/39 + (-6)/39?
9
Suppose -y - 5*s = -1383, y + s + 74 = 1461. What is the hundreds digit of y?
3
Let x be (1/2)/((-3)/114). Let j be (1 - -9)/(21 + x). Let s = j - -4. What is the units digit of s?
9
Suppose 7*p = 2*p - 25, 5*k + 10 = -4*p. Suppose k*g - 3*g + 69 = 0. What is the units digit of g?
9
Suppose -5 = -3*w + 1, 0 = -s + 5*w - 7. Suppose o - 6 = -s*z, -46 - 12 = -4*o + 5*z. What is the tens digit of o?
1
Let u = -1782 + 2793. Suppose 5*c - 996 = -3*r, -9*c + 4*c + 2*r = -u. What is the tens digit of c?
0
Suppose h - 29 = 4*b, 4*h - 4*b + 22 = 78. What is the tens digit of 3/h*73 - (-40)/(-30)?
2
What is the units digit of ((-624)/1040)/((-2)/8900)?
0
Let x = -631 - -1092. What is the units digit of x?
1
Let g be 2/(2*(-1)/(-456)). Suppose -x - 7*x = -g. What is the tens digit of x?
5
Let q(o) = 2*o**3 + 6*o**2 - 2*o. What is the units digit of q(4)?
6
Suppose f - 96 = 4*f. Let y be f/18 + 6/(-27). What is the units digit of (9/6 - 3)*y?
3
Suppose -5*o + 39 = 2*f, -f + 4*o + 14 = o. Let z = -12 + f. Suppose -z*h + 28 = -4*h. What is the units digit of h?
8
Suppose -4*k + 7*k = -12. Let s be (-35)/k - (-3)/12. Suppose 3*l - s = -0*l. What is the units digit of l?
3
Let i = 3 + 0. What is the tens digit of 2 - -155 - (-2 + i)?
5
What is the tens digit of ((-24)/36)/(-1*2/939)?
1
Let x = 283 + 99. What is the hundreds digit of x?
3
Let p(j) = -j**2 + 13*j + 3. Let f be p(16). Let r be 1*f/(-10)*2. Suppose -d + r = -0*d. What is the units digit of d?
9
Let f(r) = -r**3 + 4*r**2 + 5. Let x = -24 - -28. Let t be f(x). Suppose t*u + 5*k = 265, u - k - 54 - 7 = 0. What is the units digit of u?
7
Let h be (0 - -23)*(-9 + 10). Suppose -22*v + h*v = 164. What is the hundreds digit of v?
1
What is the hundreds digit of ((-228)/10)/((-9)/390)?
9
Let r be (0 + 3)*60/18. Suppose -8*t = -r*t + 102. Suppose 5*y - t = 29. What is the units digit of y?
6
Suppose -2*b + 12 = 2*b. Suppose 4*x + 277 = 2*d + b*d, 3*x + 9 = 0. What is the tens digit of d?
5
Suppose 0 = -8*r - 0*r - 320. Let c = r - -2